r when l is divided by 13?
8
Let d be (-4)/(16/10)*-2. Let p = -1 + d. Suppose -p*v + 136 = -32. What is the remainder when v is divided by 15?
12
Calculate the remainder when 2771 is divided by 1/12 + (-61746)/(-2952).
20
Let l be (-12)/(-48) - 30/(-8). Suppose 6*h - l*h = -5*s + 103, 3*s + 127 = 2*h. Calculate the remainder when h is divided by 12.
11
Suppose -o + 30 = -f, -o + 3*o + 2*f - 60 = 0. Let x = o + -17. Suppose 36*b + 450 = 45*b. What is the remainder when b is divided by x?
11
Let a = 19 - 16. Suppose 0 = 5*b + 3*z - 120, z = -a*b - 3*z + 83. What is the remainder when (-22)/(-66) - (-245)/3 is divided by b?
19
Let j = -442 + 467. Calculate the remainder when 168 is divided by j.
18
Let t(b) = 76*b + 37. What is the remainder when 2145 is divided by t(1)?
111
Suppose -7*w = -3*w - 64. Suppose 42*z - 793 - 2483 = 0. What is the remainder when z is divided by w?
14
Let x(n) = -n**3 + 13*n**2 + 5*n - 29. Let u be x(13). What is the remainder when (20 - -1)*(u/21 - 0) is divided by 13?
10
Suppose 3*w + 2 = 4*w. Suppose -w*x - 13 + 1 = 0. Calculate the remainder when (x/(-18))/((-2)/(-282)) is divided by 25.
22
Suppose 0*q + 26 = 3*y - q, 0 = -2*y + 3*q + 15. Let v = 404 - 387. What is the remainder when v is divided by y?
8
Let i(m) = 50*m**2 + 84*m + 3. What is the remainder when 166 is divided by i(-2)?
26
Suppose 4*i - 3*r = -0*i + 22, -14 = -2*i + 3*r. Suppose -5*o + 4*f = -385, 284 + 24 = 4*o - i*f. Calculate the remainder when o is divided by 20.
17
Let k = 15 + -1. Suppose 30*g = 74*g - 1760. What is the remainder when g is divided by k?
12
Let o(d) = d**2 - 4*d - 8. Let y be o(6). Suppose -4*l + 34 = y*x - 2*l, 5*l - 7 = 3*x. What is the remainder when 4 - 0 - (-16 - -10) is divided by x?
4
Let o = 803 - 794. Calculate the remainder when o is divided by 6/10 - 22/(-5).
4
Suppose 0 = 2*y + 5*s - 78, -y + 3*y = 3*s + 46. What is the remainder when 51 is divided by y?
22
Let n(s) = -3*s**2 - 51*s + 7. What is the remainder when n(-16) is divided by 12?
7
Let i = -154 + 220. What is the remainder when 128 is divided by i?
62
Suppose 33*g + 2975 = 50*g. What is the remainder when g is divided by 22?
21
Suppose 86 = 34*s - 288. Suppose 20 = 4*d - 4. What is the remainder when s is divided by (8/d)/((-1)/(-3))?
3
Let a(s) = -s**2 + 7*s. Let t be a(6). Let v = t - 1. Suppose 0 = v*q - u - 255, 36 + 1 = q - 3*u. What is the remainder when q is divided by 27?
25
Let a(n) = n**3 - 3*n**2 + 2*n + 89. Let b(g) = 5*g - 30. Let s be b(6). What is the remainder when a(s) is divided by 24?
17
Let t(u) = u**2 + 9*u + 16. Let b = 8 + -17. Calculate the remainder when 79 is divided by t(b).
15
Suppose 2*r = 32 + 30. Let u be (2/6)/(5/1005). Let p = u - r. Calculate the remainder when p is divided by 13.
10
Suppose -k + 9 = 5*o + 4, 2*o - 2 = -3*k. Suppose -r = -k*r - 22. Calculate the remainder when 131 is divided by r.
21
Suppose 4*r = -4 - 0, -5*r - 49 = -2*d. Suppose -188 = -3*t - 62. What is the remainder when t is divided by d?
20
Suppose 24 = 5*h - u, -2 = -4*u + 2. Suppose -3*v + l + 190 = 0, -v - h + 59 = 2*l. Calculate the remainder when v is divided by 21.
20
Let i = 33 - 22. Suppose -2*d - 1 = -7. Calculate the remainder when i is divided by d.
2
Let l be 4/8*(-36)/(-3). Suppose l*c - 22 = 110. What is the remainder when 107 is divided by c?
19
Suppose 5*l - 24 = 3*t + 54, -2*t - 64 = -4*l. Let a(h) be the third derivative of h**4/24 + h**3/3 - 3*h**2. Calculate the remainder when l is divided by a(3).
3
Let u = -49 + 53. Suppose 6 = 2*o + o, -5*o - 46 = -u*a. Calculate the remainder when 137 is divided by a.
11
Suppose -5*z - j = -0*z - 142, z - 38 = 3*j. Suppose 0 = 8*d - z - 27. What is the remainder when (-25 + 1)*2/(-4) is divided by d?
5
Suppose -a - 3*w + 66 = 0, -2*a = -5*w + 2*w - 141. Calculate the remainder when 275 is divided by a.
68
Suppose 4*w - 7*w - x - 513 = 0, 0 = -w + 2*x - 178. Let t = w - -309. Calculate the remainder when t is divided by 28.
25
Let c = -382 + 453. Calculate the remainder when 186 is divided by c.
44
Let j(f) = -f**2 + 38*f - 87. Let w(u) = -3*u**2 - u - 2. Let d be w(2). Calculate the remainder when ((-52)/d)/((-2)/(-32)) is divided by j(35).
16
Let h(c) = -13*c - 11. Let w be h(-4). Let s = 74 - w. Calculate the remainder when s is divided by 9.
6
Let b(y) = 40*y**2 - 10*y + 14. Let s be b(2). Let u = s + -110. Calculate the remainder when 261 is divided by u.
41
Let y = 241 - 195. Suppose j + 5*h = 31, 0 = 3*j + 2*h - y + 5. Suppose 0 = 5*a + 25, 2*a = -2*m + 33 - 3. Calculate the remainder when m is divided by j.
9
Suppose 3*k + 18 = 3*a - 4*a, -4*k + 2*a = 34. Calculate the remainder when 24 is divided by k/((-7)/(-4)) - -11.
3
Suppose z + 5*n = 2, 5*n + 0 + 6 = 3*z. Suppose 0 = -3*j - z + 17, 3*j + 313 = 4*m. Calculate the remainder when m is divided by 24.
10
Suppose 5*s = 51 + 114. Suppose 0 = 3*i + 2*z - 286, 4*i + z + 3*z = 380. Calculate the remainder when i is divided by s.
30
Let r(j) = -j**3 + 29*j**2 - 138*j - 14. What is the remainder when r(7) is divided by 62?
36
Let p(i) = i**2 + 21*i - 295. What is the remainder when 253 is divided by p(10)?
13
Suppose -172 = 4*m - 4*f, 4*m + 81 = 2*f - 87. Let x = m + 51. What is the remainder when x is divided by 5?
0
Suppose 4*p - 74 = -10. Let a = -9 + 15. Calculate the remainder when p is divided by -2 + (a - -2*1).
4
Suppose 212*q = 220*q - 464. What is the remainder when q is divided by 20?
18
Let p = 36 + 80. Calculate the remainder when p is divided by 30.
26
Suppose 0 = -i + 2*b + 579, -2*b - 1148 = -115*i + 113*i. What is the remainder when i is divided by 30?
29
Let i = -1502 + 1542. Calculate the remainder when 105 is divided by i.
25
Suppose 4*i - 2181 = -1621. What is the remainder when i is divided by 29?
24
What is the remainder when 328 is divided by 36 + (0/5 - (-1)/1)?
32
Let n(v) = 5*v. Let u(k) = k + 1. Let q(r) = -n(r) + 3*u(r). Let l = 4 + 7. What is the remainder when q(-9) is divided by l?
10
Suppose 13*a - 197 - 63 = 0. Calculate the remainder when 139 is divided by a.
19
What is the remainder when 38862/(-51)*2/(-6) is divided by 75?
29
Let a(o) = 28*o + 4. Let g be a(12). Suppose 4*x = -2*i + g, 343 = 5*i + 3*x - 507. Calculate the remainder when i is divided by 43.
41
Let r(c) = c**3 - 13*c**2 - 27*c - 33. What is the remainder when 417 is divided by r(15)?
9
Suppose 2*o + 2*o = -m + 10, 0 = 2*o + 5*m - 14. Suppose -4*n = 8, -5*h + 9 = 4*n - 18. What is the remainder when (-2)/((1 - -1)*h/(-14)) is divided by o?
0
Let k = -10 - -18. Suppose 6 + 336 = 9*f. Calculate the remainder when f is divided by k.
6
Let r(y) = 68*y**2 - 11*y + 10. What is the remainder when r(1) is divided by 19?
10
Let j be (-50)/(-225) + (-446)/(-18). Let v = 31 - j. What is the remainder when v is divided by 3?
0
Suppose 0 = 3*i + 4*f - 481, 0 = -4*f + 92 - 100. What is the remainder when i is divided by 68?
27
Suppose -4*t - 4*z + 88 = 0, 0 = -12*z + 11*z + 4. Calculate the remainder when 88 is divided by t.
16
Suppose -3*z - 4*u = -77, 2*z - 6*z - 4*u + 108 = 0. Calculate the remainder when z is divided by 9.
4
Let m = 46 - 37. Suppose 4*x = 2*w - 54, 0 = -7*w + 4*w + 3*x + 78. Calculate the remainder when w is divided by m.
7
Let n(o) = 3*o**2 + 4*o - 2. Let h be n(4). Suppose -8 + h = 3*z. What is the remainder when z is divided by 10?
8
Suppose 0 = 6*r - 42 + 6. Let u = 53 + -49. What is the remainder when r is divided by u?
2
Let o = 648 + -624. Calculate the remainder when 861 is divided by o.
21
Let v(q) = -8*q**3 + 2 - 2 - 1. Let x = -3 + 8. Calculate the remainder when v(-1) is divided by x.
2
Let u = 114 + -118. Suppose -3*x = -x - 32. Calculate the remainder when 7/(u + (-222)/(-54)) is divided by x.
15
Suppose -k - 1 = -4. Calculate the remainder when -230*4/(-80) + 1/(-2) is divided by k.
2
Let z(d) = -d**3 + 5*d**2 + d + 1. What is the remainder when 29 is divided by z(2)?
14
Suppose -12*r = -3*r - 1656. Calculate the remainder when r is divided by 17.
14
Let w(p) = -71 + 0*p**2 + 0*p**2 + 2*p + 69 + 10*p**3. Calculate the remainder when w(2) is divided by 14.
12
Suppose 0 = 25*c - 24*c + 2. Calculate the remainder when (4*c/10)/(44/(-3410)) is divided by 32.
30
Let t = -301 + 308. Let r(l) = 3*l + 1. Calculate the rema